Last updated on 2025-04-28 18:50:21 CEST.
Flavor | Version | Tinstall | Tcheck | Ttotal | Status | Flags |
---|---|---|---|---|---|---|
r-devel-linux-x86_64-debian-clang | 1.0.4 | 3.71 | 629.41 | 633.12 | OK | |
r-devel-linux-x86_64-debian-gcc | 1.0.4 | 2.45 | 405.28 | 407.73 | NOTE | |
r-devel-linux-x86_64-fedora-clang | 1.0.4 | 1057.22 | OK | |||
r-devel-linux-x86_64-fedora-gcc | 1.0.4 | 1004.15 | OK | |||
r-devel-windows-x86_64 | 1.0.4 | 6.00 | 432.00 | 438.00 | OK | |
r-patched-linux-x86_64 | 1.0.4 | 4.80 | 607.10 | 611.90 | OK | |
r-release-linux-x86_64 | 1.0.4 | 4.16 | 600.94 | 605.10 | OK | |
r-release-macos-arm64 | 1.0.4 | 206.00 | OK | |||
r-release-macos-x86_64 | 1.0.4 | 627.00 | OK | |||
r-release-windows-x86_64 | 1.0.4 | 6.00 | 421.00 | 427.00 | OK | |
r-oldrel-macos-arm64 | 1.0.4 | 185.00 | OK | |||
r-oldrel-macos-x86_64 | 1.0.4 | 455.00 | OK | |||
r-oldrel-windows-x86_64 | 1.0.4 | 6.00 | 601.00 | 607.00 | OK |
Version: 1.0.4
Check: examples
Result: NOTE
Examples with CPU (user + system) or elapsed time > 5s
user system elapsed
boatman_2017 7.972 0.344 10.045
sharpeschoolfull_1981 4.421 0.039 5.180
Flavor: r-devel-linux-x86_64-debian-gcc