CRAN Package Check Results for Package random

Last updated on 2025-07-04 07:49:37 CEST.

Flavor Version Tinstall Tcheck Ttotal Status Flags
r-devel-linux-x86_64-debian-clang 0.2.6 1.61 27.99 29.60 NOTE
r-devel-linux-x86_64-debian-gcc 0.2.6 1.36 23.95 25.31 NOTE
r-devel-linux-x86_64-fedora-clang 0.2.6 46.37 OK
r-devel-linux-x86_64-fedora-gcc 0.2.6 57.46 OK
r-devel-windows-x86_64 0.2.6 2.00 78.00 80.00 OK
r-patched-linux-x86_64 0.2.6 1.76 26.70 28.46 OK
r-release-linux-x86_64 0.2.6 1.71 26.73 28.44 OK
r-release-macos-arm64 0.2.6 31.00 OK
r-release-macos-x86_64 0.2.6 50.00 OK
r-release-windows-x86_64 0.2.6 3.00 81.00 84.00 OK
r-oldrel-macos-arm64 0.2.6 29.00 OK
r-oldrel-macos-x86_64 0.2.6 41.00 OK
r-oldrel-windows-x86_64 0.2.6 4.00 72.00 76.00 OK

Check Details

Version: 0.2.6
Check: CRAN incoming feasibility
Result: NOTE Maintainer: ‘Dirk Eddelbuettel <edd@debian.org>’ No Authors@R field in DESCRIPTION. Please add one, modifying Authors@R: person(given = "Dirk", family = "Eddelbuettel", role = c("aut", "cre"), email = "edd@debian.org") as necessary. Flavors: r-devel-linux-x86_64-debian-clang, r-devel-linux-x86_64-debian-gcc