CRAN Package Check Results for Package rarms

Last updated on 2025-07-04 19:50:28 CEST.

Flavor Version Tinstall Tcheck Ttotal Status Flags
r-devel-linux-x86_64-debian-clang 1.0.0 1.64 16.46 18.10 OK
r-devel-linux-x86_64-debian-gcc 1.0.0 1.31 14.08 15.39 OK
r-devel-linux-x86_64-fedora-clang 1.0.0 27.63 OK
r-devel-linux-x86_64-fedora-gcc 1.0.0 26.79 OK
r-devel-windows-x86_64 1.0.0 3.00 38.00 41.00 OK
r-patched-linux-x86_64 1.0.0 1.70 15.74 17.44 OK
r-release-linux-x86_64 1.0.0 1.44 15.53 16.97 OK
r-release-macos-arm64 1.0.0 14.00 OK
r-release-macos-x86_64 1.0.0 24.00 OK
r-release-windows-x86_64 1.0.0 3.00 38.00 41.00 OK
r-oldrel-macos-arm64 1.0.0 14.00 NOTE
r-oldrel-macos-x86_64 1.0.0 18.00 NOTE
r-oldrel-windows-x86_64 1.0.0 2.00 42.00 44.00 NOTE

Check Details

Version: 1.0.0
Check: LazyData
Result: NOTE 'LazyData' is specified without a 'data' directory Flavors: r-oldrel-macos-arm64, r-oldrel-macos-x86_64, r-oldrel-windows-x86_64