Last updated on 2025-07-04 19:50:28 CEST.
Flavor | Version | Tinstall | Tcheck | Ttotal | Status | Flags |
---|---|---|---|---|---|---|
r-devel-linux-x86_64-debian-clang | 0.5.3 | 5.51 | 38.24 | 43.75 | NOTE | |
r-devel-linux-x86_64-debian-gcc | 0.5.3 | 3.65 | 27.92 | 31.57 | NOTE | |
r-devel-linux-x86_64-fedora-clang | 0.5.3 | 67.71 | NOTE | |||
r-devel-linux-x86_64-fedora-gcc | 0.5.3 | 62.98 | NOTE | |||
r-devel-windows-x86_64 | 0.5.3 | 7.00 | 56.00 | 63.00 | NOTE | |
r-patched-linux-x86_64 | 0.5.3 | 5.44 | 35.35 | 40.79 | NOTE | |
r-release-linux-x86_64 | 0.5.3 | 5.10 | 35.42 | 40.52 | NOTE | |
r-release-macos-arm64 | 0.5.3 | 24.00 | NOTE | |||
r-release-macos-x86_64 | 0.5.3 | 40.00 | NOTE | |||
r-release-windows-x86_64 | 0.5.3 | 7.00 | 54.00 | 61.00 | NOTE | |
r-oldrel-macos-arm64 | 0.5.3 | 24.00 | OK | |||
r-oldrel-macos-x86_64 | 0.5.3 | 34.00 | OK | |||
r-oldrel-windows-x86_64 | 0.5.3 | 9.00 | 64.00 | 73.00 | OK |
Version: 0.5.3
Check: DESCRIPTION meta-information
Result: NOTE
Missing dependency on R >= 4.1.0 because package code uses the pipe
|> or function shorthand \(...) syntax added in R 4.1.0.
File(s) using such syntax:
‘render_model.R’
Flavors: r-devel-linux-x86_64-debian-clang, r-devel-linux-x86_64-debian-gcc, r-devel-linux-x86_64-fedora-clang, r-devel-linux-x86_64-fedora-gcc, r-devel-windows-x86_64, r-patched-linux-x86_64, r-release-linux-x86_64, r-release-macos-arm64, r-release-macos-x86_64, r-release-windows-x86_64