Last updated on 2025-04-28 18:50:19 CEST.
Flavor | Version | Tinstall | Tcheck | Ttotal | Status | Flags |
---|---|---|---|---|---|---|
r-devel-linux-x86_64-debian-clang | 0.5.0 | 35.25 | 307.38 | 342.63 | OK | |
r-devel-linux-x86_64-debian-gcc | 0.5.0 | 26.42 | 211.94 | 238.36 | NOTE | |
r-devel-linux-x86_64-fedora-clang | 0.5.0 | 551.38 | OK | |||
r-devel-linux-x86_64-fedora-gcc | 0.5.0 | 530.94 | OK | |||
r-devel-windows-x86_64 | 0.5.0 | 31.00 | 240.00 | 271.00 | OK | |
r-patched-linux-x86_64 | 0.5.0 | 36.42 | 301.11 | 337.53 | OK | |
r-release-linux-x86_64 | 0.5.0 | 36.57 | 299.48 | 336.05 | OK | |
r-release-macos-arm64 | 0.5.0 | 135.00 | OK | |||
r-release-macos-x86_64 | 0.5.0 | 266.00 | OK | |||
r-release-windows-x86_64 | 0.5.0 | 33.00 | 235.00 | 268.00 | OK | |
r-oldrel-macos-arm64 | 0.5.0 | 120.00 | OK | |||
r-oldrel-macos-x86_64 | 0.5.0 | 210.00 | OK | |||
r-oldrel-windows-x86_64 | 0.5.0 | 44.00 | 328.00 | 372.00 | OK |
Version: 0.5.0
Check: CRAN incoming feasibility
Result: NOTE
Maintainer: ‘Jamie Spaulding <jspaulding02@hamline.edu>’
No Authors@R field in DESCRIPTION.
Please add one, modifying
Authors@R: c(person(given = "Jamie",
family = "Spaulding",
role = c("aut", "cre"),
email = "jspaulding02@hamline.edu"),
person(given = "Keith",
family = "Morris",
role = "aut"))
as necessary.
Flavor: r-devel-linux-x86_64-debian-gcc