Last updated on 2025-07-04 19:50:28 CEST.
Flavor | Version | Tinstall | Tcheck | Ttotal | Status | Flags |
---|---|---|---|---|---|---|
r-devel-linux-x86_64-debian-clang | 0.2.1 | 13.32 | 130.07 | 143.39 | NOTE | |
r-devel-linux-x86_64-debian-gcc | 0.2.1 | 9.45 | 97.57 | 107.02 | NOTE | |
r-devel-linux-x86_64-fedora-clang | 0.2.1 | 232.58 | OK | |||
r-devel-linux-x86_64-fedora-gcc | 0.2.1 | 229.13 | OK | |||
r-devel-windows-x86_64 | 0.2.1 | 17.00 | 160.00 | 177.00 | OK | |
r-patched-linux-x86_64 | 0.2.1 | 12.62 | 125.61 | 138.23 | OK | |
r-release-linux-x86_64 | 0.2.1 | 13.03 | 125.70 | 138.73 | OK | |
r-release-macos-arm64 | 0.2.1 | 88.00 | OK | |||
r-release-macos-x86_64 | 0.2.1 | 210.00 | OK | |||
r-release-windows-x86_64 | 0.2.1 | 16.00 | 159.00 | 175.00 | OK | |
r-oldrel-macos-arm64 | 0.2.1 | 91.00 | OK | |||
r-oldrel-macos-x86_64 | 0.2.1 | 121.00 | OK | |||
r-oldrel-windows-x86_64 | 0.2.1 | 21.00 | 193.00 | 214.00 | OK |
Version: 0.2.1
Check: CRAN incoming feasibility
Result: NOTE
Maintainer: ‘Gaurav Sood <gsood07@gmail.com>’
Package CITATION file contains call(s) to old-style personList() or
as.personList(). Please use c() on person objects instead.
Package CITATION file contains call(s) to old-style citEntry(). Please
use bibentry() instead.
Flavors: r-devel-linux-x86_64-debian-clang, r-devel-linux-x86_64-debian-gcc