CRAN Package Check Results for Package rdoxygen

Last updated on 2025-04-29 18:50:52 CEST.

Flavor Version Tinstall Tcheck Ttotal Status Flags
r-devel-linux-x86_64-debian-clang 1.0.0 2.48 19.89 22.37 OK
r-devel-linux-x86_64-debian-gcc 1.0.0 2.12 16.44 18.56 OK
r-devel-linux-x86_64-fedora-clang 1.0.0 37.94 OK
r-devel-linux-x86_64-fedora-gcc 1.0.0 33.81 OK
r-devel-windows-x86_64 1.0.0 7.00 46.00 53.00 OK
r-patched-linux-x86_64 1.0.0 2.69 19.26 21.95 OK
r-release-linux-x86_64 1.0.0 2.45 19.09 21.54 OK
r-release-macos-arm64 1.0.0 18.00 OK
r-release-macos-x86_64 1.0.0 36.00 OK
r-release-windows-x86_64 1.0.0 10.00 50.00 60.00 OK
r-oldrel-macos-arm64 1.0.0 18.00 NOTE
r-oldrel-macos-x86_64 1.0.0 25.00 NOTE
r-oldrel-windows-x86_64 1.0.0 9.00 48.00 57.00 NOTE

Check Details

Version: 1.0.0
Check: LazyData
Result: NOTE 'LazyData' is specified without a 'data' directory Flavors: r-oldrel-macos-arm64, r-oldrel-macos-x86_64, r-oldrel-windows-x86_64