Last updated on 2025-04-29 18:50:52 CEST.
Flavor | Version | Tinstall | Tcheck | Ttotal | Status | Flags |
---|---|---|---|---|---|---|
r-devel-linux-x86_64-debian-clang | 0.2.0 | 4.30 | 162.09 | 166.39 | NOTE | |
r-devel-linux-x86_64-debian-gcc | 0.2.0 | 2.68 | 119.72 | 122.40 | OK | |
r-devel-linux-x86_64-fedora-clang | 0.2.0 | 271.19 | OK | |||
r-devel-linux-x86_64-fedora-gcc | 0.2.0 | 273.17 | OK | |||
r-devel-windows-x86_64 | 0.2.0 | 8.00 | 172.00 | 180.00 | OK | |
r-patched-linux-x86_64 | 0.2.0 | 6.09 | 153.61 | 159.70 | OK | |
r-release-linux-x86_64 | 0.2.0 | 4.01 | 156.73 | 160.74 | OK | |
r-release-macos-arm64 | 0.2.0 | 115.00 | OK | |||
r-release-macos-x86_64 | 0.2.0 | 170.00 | OK | |||
r-release-windows-x86_64 | 0.2.0 | 8.00 | 184.00 | 192.00 | OK | |
r-oldrel-macos-arm64 | 0.2.0 | 103.00 | OK | |||
r-oldrel-macos-x86_64 | 0.2.0 | 158.00 | OK | |||
r-oldrel-windows-x86_64 | 0.2.0 | 9.00 | 195.00 | 204.00 | OK |
Version: 0.2.0
Check: examples
Result: NOTE
Examples with CPU (user + system) or elapsed time > 5s
user system elapsed
rerun_recolorize 5.270 0.796 7.093
recluster 4.559 0.608 5.964
wernerColor 4.371 0.561 5.579
Flavor: r-devel-linux-x86_64-debian-clang