Last updated on 2025-07-04 07:49:38 CEST.
Flavor | Version | Tinstall | Tcheck | Ttotal | Status | Flags |
---|---|---|---|---|---|---|
r-devel-linux-x86_64-debian-clang | 1.3.1 | 10.92 | 88.02 | 98.94 | OK | |
r-devel-linux-x86_64-debian-gcc | 1.3.1 | 6.95 | 64.64 | 71.59 | OK | |
r-devel-linux-x86_64-fedora-clang | 1.3.1 | 150.91 | NOTE | |||
r-devel-linux-x86_64-fedora-gcc | 1.3.1 | 144.65 | NOTE | |||
r-devel-windows-x86_64 | 1.3.1 | 11.00 | 98.00 | 109.00 | OK | |
r-patched-linux-x86_64 | 1.3.1 | 10.01 | 82.46 | 92.47 | OK | |
r-release-linux-x86_64 | 1.3.1 | 9.30 | 82.44 | 91.74 | OK | |
r-release-macos-arm64 | 1.3.1 | 45.00 | OK | |||
r-release-macos-x86_64 | 1.3.1 | 82.00 | OK | |||
r-release-windows-x86_64 | 1.3.1 | 11.00 | 100.00 | 111.00 | OK | |
r-oldrel-macos-arm64 | 1.3.1 | 49.00 | OK | |||
r-oldrel-macos-x86_64 | 1.3.1 | 94.00 | OK | |||
r-oldrel-windows-x86_64 | 1.3.1 | 16.00 | 122.00 | 138.00 | OK |
Version: 1.3.1
Check: dependencies in R code
Result: NOTE
Namespaces in Imports field not imported from:
‘caret’ ‘dplyr’ ‘scales’
All declared Imports should be used.
Flavors: r-devel-linux-x86_64-fedora-clang, r-devel-linux-x86_64-fedora-gcc