CRAN Package Check Results for Package remedy

Last updated on 2025-04-30 07:55:19 CEST.

Flavor Version Tinstall Tcheck Ttotal Status Flags
r-devel-linux-x86_64-debian-clang 0.1.0 4.19 41.05 45.24 OK
r-devel-linux-x86_64-debian-gcc 0.1.0 3.17 30.92 34.09 OK
r-devel-linux-x86_64-fedora-clang 0.1.0 73.52 OK
r-devel-linux-x86_64-fedora-gcc 0.1.0 81.58 OK
r-devel-windows-x86_64 0.1.0 5.00 68.00 73.00 OK
r-patched-linux-x86_64 0.1.0 3.84 38.66 42.50 OK
r-release-linux-x86_64 0.1.0 4.01 39.44 43.45 OK
r-release-macos-arm64 0.1.0 45.00 OK
r-release-macos-x86_64 0.1.0 117.00 OK
r-release-windows-x86_64 0.1.0 6.00 66.00 72.00 OK
r-oldrel-macos-arm64 0.1.0 30.00 NOTE
r-oldrel-macos-x86_64 0.1.0 45.00 NOTE
r-oldrel-windows-x86_64 0.1.0 6.00 71.00 77.00 NOTE

Check Details

Version: 0.1.0
Check: LazyData
Result: NOTE 'LazyData' is specified without a 'data' directory Flavors: r-oldrel-macos-arm64, r-oldrel-macos-x86_64, r-oldrel-windows-x86_64