Last updated on 2025-07-04 07:49:38 CEST.
Flavor | Version | Tinstall | Tcheck | Ttotal | Status | Flags |
---|---|---|---|---|---|---|
r-devel-linux-x86_64-debian-clang | 3.2.8 | 42.63 | 59.51 | 102.14 | OK | |
r-devel-linux-x86_64-debian-gcc | 3.2.8 | 27.00 | 49.50 | 76.50 | OK | |
r-devel-linux-x86_64-fedora-clang | 3.2.8 | 160.27 | OK | |||
r-devel-linux-x86_64-fedora-gcc | 3.2.8 | 182.31 | OK | |||
r-devel-windows-x86_64 | 3.2.8 | 42.00 | 123.00 | 165.00 | OK | |
r-patched-linux-x86_64 | 3.2.8 | 38.79 | 56.51 | 95.30 | OK | |
r-release-linux-x86_64 | 3.2.8 | 38.79 | 57.35 | 96.14 | OK | |
r-release-macos-arm64 | 3.2.8 | 72.00 | OK | |||
r-release-macos-x86_64 | 3.2.8 | 116.00 | OK | |||
r-release-windows-x86_64 | 3.2.8 | 42.00 | 122.00 | 164.00 | OK | |
r-oldrel-macos-arm64 | 3.2.8 | 72.00 | NOTE | |||
r-oldrel-macos-x86_64 | 3.2.8 | 113.00 | NOTE | |||
r-oldrel-windows-x86_64 | 3.2.8 | 49.00 | 146.00 | 195.00 | NOTE |
Version: 3.2.8
Check: installed package size
Result: NOTE
installed size is 8.3Mb
sub-directories of 1Mb or more:
doc 3.5Mb
libs 4.0Mb
Flavors: r-oldrel-macos-arm64, r-oldrel-macos-x86_64, r-oldrel-windows-x86_64