CRAN Package Check Results for Package repolr

Last updated on 2025-04-28 18:50:19 CEST.

Flavor Version Tinstall Tcheck Ttotal Status Flags
r-devel-linux-x86_64-debian-clang 3.4 114.24 32.36 146.60 OK
r-devel-linux-x86_64-debian-gcc 3.4 91.00 25.58 116.58 NOTE
r-devel-linux-x86_64-fedora-clang 3.4 279.81 NOTE
r-devel-linux-x86_64-fedora-gcc 3.4 298.80 NOTE
r-devel-windows-x86_64 3.4 133.00 74.00 207.00 OK
r-patched-linux-x86_64 3.4 125.70 31.39 157.09 OK
r-release-linux-x86_64 3.4 129.53 31.47 161.00 OK
r-release-macos-arm64 3.4 67.00 OK
r-release-macos-x86_64 3.4 75.00 OK
r-release-windows-x86_64 3.4 126.00 84.00 210.00 OK
r-oldrel-macos-arm64 3.4 63.00 NOTE
r-oldrel-macos-x86_64 3.4 66.00 NOTE
r-oldrel-windows-x86_64 3.4 152.00 93.00 245.00 OK

Check Details

Version: 3.4
Check: CRAN incoming feasibility
Result: NOTE Maintainer: ‘Nick Parsons <nick.parsons@warwick.ac.uk>’ No Authors@R field in DESCRIPTION. Please add one, modifying Authors@R: person(given = "Nick", family = "Parsons", role = c("aut", "cre"), email = "nick.parsons@warwick.ac.uk") as necessary. Flavor: r-devel-linux-x86_64-debian-gcc

Version: 3.4
Check: compiled code
Result: NOTE File ‘repolr/libs/repolr.so’: Found no calls to: ‘R_registerRoutines’, ‘R_useDynamicSymbols’ It is good practice to register native routines and to disable symbol search. See ‘Writing portable packages’ in the ‘Writing R Extensions’ manual. Flavors: r-devel-linux-x86_64-fedora-clang, r-devel-linux-x86_64-fedora-gcc

Version: 3.4
Check: installed package size
Result: NOTE installed size is 9.5Mb sub-directories of 1Mb or more: libs 9.3Mb Flavors: r-oldrel-macos-arm64, r-oldrel-macos-x86_64