Last updated on 2025-04-29 06:49:53 CEST.
Flavor | Version | Tinstall | Tcheck | Ttotal | Status | Flags |
---|---|---|---|---|---|---|
r-devel-linux-x86_64-debian-clang | 3.6 | 3.34 | 28.55 | 31.89 | OK | |
r-devel-linux-x86_64-debian-gcc | 3.6 | 2.31 | 22.33 | 24.64 | NOTE | |
r-devel-linux-x86_64-fedora-clang | 3.6 | 50.27 | OK | |||
r-devel-linux-x86_64-fedora-gcc | 3.6 | 47.46 | OK | |||
r-devel-windows-x86_64 | 3.6 | 5.00 | 47.00 | 52.00 | OK | |
r-patched-linux-x86_64 | 3.6 | 3.14 | 27.39 | 30.53 | OK | |
r-release-linux-x86_64 | 3.6 | 2.78 | 27.21 | 29.99 | OK | |
r-release-macos-arm64 | 3.6 | 18.00 | OK | |||
r-release-macos-x86_64 | 3.6 | 42.00 | OK | |||
r-release-windows-x86_64 | 3.6 | 4.00 | 51.00 | 55.00 | OK | |
r-oldrel-macos-arm64 | 3.6 | 18.00 | OK | |||
r-oldrel-macos-x86_64 | 3.6 | 28.00 | OK | |||
r-oldrel-windows-x86_64 | 3.6 | 6.00 | 56.00 | 62.00 | OK |
Version: 3.6
Check: CRAN incoming feasibility
Result: NOTE
Maintainer: ‘Zhicheng Du<dgdzc@hotmail.com>’
No Authors@R field in DESCRIPTION.
Please add one, modifying
Authors@R: c(person(given = "Zhicheng",
family = "Du",
role = c("aut", "cre"),
email = "dgdzc@hotmail.com"),
person(given = "Yuantao",
family = "Hao",
role = "aut"))
as necessary.
Flavor: r-devel-linux-x86_64-debian-gcc