Last updated on 2025-04-28 18:50:19 CEST.
Flavor | Version | Tinstall | Tcheck | Ttotal | Status | Flags |
---|---|---|---|---|---|---|
r-devel-linux-x86_64-debian-clang | 1.42.0 | 37.70 | 111.07 | 148.77 | OK | |
r-devel-linux-x86_64-debian-gcc | 1.42.0 | 28.09 | 82.02 | 110.11 | OK | |
r-devel-linux-x86_64-fedora-clang | 1.42.0 | 255.74 | OK | |||
r-devel-linux-x86_64-fedora-gcc | 1.42.0 | 254.36 | OK | |||
r-devel-windows-x86_64 | 1.42.0 | 55.00 | 150.00 | 205.00 | OK | |
r-patched-linux-x86_64 | 1.42.0 | 40.11 | 106.28 | 146.39 | OK | |
r-release-linux-x86_64 | 1.42.0 | 39.19 | 105.87 | 145.06 | OK | |
r-release-macos-arm64 | 1.42.0 | 80.00 | OK | |||
r-release-macos-x86_64 | 1.42.0 | 176.00 | OK | |||
r-release-windows-x86_64 | 1.42.0 | 53.00 | 149.00 | 202.00 | OK | |
r-oldrel-macos-arm64 | 1.42.0 | 73.00 | NOTE | |||
r-oldrel-macos-x86_64 | 1.42.0 | 193.00 | NOTE | |||
r-oldrel-windows-x86_64 | 1.42.0 | 66.00 | 175.00 | 241.00 | OK |
Version: 1.42.0
Check: installed package size
Result: NOTE
installed size is 6.2Mb
sub-directories of 1Mb or more:
libs 3.7Mb
Flavors: r-oldrel-macos-arm64, r-oldrel-macos-x86_64