CRAN Package Check Results for Package retroharmonize

Last updated on 2025-04-28 18:50:19 CEST.

Flavor Version Tinstall Tcheck Ttotal Status Flags
r-devel-linux-x86_64-debian-clang 0.2.0 8.48 121.56 130.04 NOTE
r-devel-linux-x86_64-debian-gcc 0.2.0 5.66 84.61 90.27 NOTE
r-devel-linux-x86_64-fedora-clang 0.2.0 210.34 NOTE
r-devel-linux-x86_64-fedora-gcc 0.2.0 204.46 NOTE
r-devel-windows-x86_64 0.2.0 10.00 135.00 145.00 NOTE
r-patched-linux-x86_64 0.2.0 7.95 114.76 122.71 NOTE
r-release-linux-x86_64 0.2.0 7.56 114.27 121.83 NOTE
r-release-macos-arm64 0.2.0 70.00 NOTE
r-release-macos-x86_64 0.2.0 136.00 NOTE
r-release-windows-x86_64 0.2.0 10.00 134.00 144.00 NOTE
r-oldrel-macos-arm64 0.2.0 64.00 NOTE
r-oldrel-macos-x86_64 0.2.0 97.00 NOTE
r-oldrel-windows-x86_64 0.2.0 11.00 169.00 180.00 NOTE

Check Details

Version: 0.2.0
Check: Rd files
Result: NOTE checkRd: (-1) harmonize_values.Rd:44: Lost braces; missing escapes or markup? 44 | \item{perl}{Use perl-like regex? Defaults to {FALSE}.} | ^ Flavors: r-devel-linux-x86_64-debian-clang, r-devel-linux-x86_64-debian-gcc, r-devel-linux-x86_64-fedora-clang, r-devel-linux-x86_64-fedora-gcc, r-devel-windows-x86_64, r-patched-linux-x86_64, r-release-linux-x86_64, r-release-macos-arm64, r-release-macos-x86_64, r-release-windows-x86_64, r-oldrel-macos-arm64, r-oldrel-macos-x86_64, r-oldrel-windows-x86_64

Version: 0.2.0
Check: installed package size
Result: NOTE installed size is 5.6Mb sub-directories of 1Mb or more: doc 1.1Mb examples 1.9Mb Flavors: r-oldrel-macos-arm64, r-oldrel-macos-x86_64, r-oldrel-windows-x86_64