Last updated on 2025-04-28 18:50:19 CEST.
Flavor | Version | Tinstall | Tcheck | Ttotal | Status | Flags |
---|---|---|---|---|---|---|
r-devel-linux-x86_64-debian-clang | 3.1-0 | 3.73 | 39.88 | 43.61 | OK | |
r-devel-linux-x86_64-debian-gcc | 3.1-0 | 2.46 | 30.49 | 32.95 | NOTE | |
r-devel-linux-x86_64-fedora-clang | 3.1-0 | 71.61 | OK | |||
r-devel-linux-x86_64-fedora-gcc | 3.1-0 | 79.24 | OK | |||
r-devel-windows-x86_64 | 3.1-0 | 6.00 | 58.00 | 64.00 | OK | |
r-patched-linux-x86_64 | 3.1-0 | 3.05 | 38.52 | 41.57 | OK | |
r-release-linux-x86_64 | 3.1-0 | 3.58 | 38.68 | 42.26 | OK | |
r-release-macos-arm64 | 3.1-0 | 32.00 | OK | |||
r-release-macos-x86_64 | 3.1-0 | 58.00 | OK | |||
r-release-windows-x86_64 | 3.1-0 | 5.00 | 56.00 | 61.00 | OK | |
r-oldrel-macos-arm64 | 3.1-0 | 27.00 | OK | |||
r-oldrel-macos-x86_64 | 3.1-0 | 42.00 | OK | |||
r-oldrel-windows-x86_64 | 3.1-0 | 7.00 | 65.00 | 72.00 | OK |
Version: 3.1-0
Check: CRAN incoming feasibility
Result: NOTE
Maintainer: ‘Michael C Koohafkan <michael.koohafkan@gmail.com>’
No Authors@R field in DESCRIPTION.
Please add one, modifying
Authors@R: person(given = c("Michael", "C"),
family = "Koohafkan",
role = c("aut", "cre"),
email = "michael.koohafkan@gmail.com")
as necessary.
Flavor: r-devel-linux-x86_64-debian-gcc