CRAN Package Check Results for Package rintcal

Last updated on 2025-07-04 07:49:38 CEST.

Flavor Version Tinstall Tcheck Ttotal Status Flags
r-devel-linux-x86_64-debian-clang 1.2.1 3.62 39.41 43.03 OK
r-devel-linux-x86_64-debian-gcc 1.2.1 2.47 30.39 32.86 OK
r-devel-linux-x86_64-fedora-clang 1.2.1 66.55 OK
r-devel-linux-x86_64-fedora-gcc 1.2.1 76.97 OK
r-devel-windows-x86_64 1.2.1 5.00 58.00 63.00 OK
r-patched-linux-x86_64 1.2.1 3.77 36.75 40.52 OK
r-release-linux-x86_64 1.2.1 3.26 37.12 40.38 OK
r-release-macos-arm64 1.2.1 83.00 OK
r-release-macos-x86_64 1.2.1 56.00 OK
r-release-windows-x86_64 1.2.1 7.00 59.00 66.00 OK
r-oldrel-macos-arm64 1.2.1 72.00 OK
r-oldrel-macos-x86_64 1.2.1 62.00 NOTE
r-oldrel-windows-x86_64 1.2.1 5.00 66.00 71.00 OK

Check Details

Version: 1.2.1
Check: installed package size
Result: NOTE installed size is 5.7Mb sub-directories of 1Mb or more: data 3.2Mb extdata 1.9Mb Flavor: r-oldrel-macos-x86_64