Last updated on 2025-04-29 06:49:53 CEST.
Flavor | Version | Tinstall | Tcheck | Ttotal | Status | Flags |
---|---|---|---|---|---|---|
r-devel-linux-x86_64-debian-clang | 1.0.0 | 4.53 | 55.13 | 59.66 | OK | |
r-devel-linux-x86_64-debian-gcc | 1.0.0 | 3.72 | 41.13 | 44.85 | NOTE | |
r-devel-linux-x86_64-fedora-clang | 2.0.0 | 120.80 | OK | |||
r-devel-linux-x86_64-fedora-gcc | 2.0.0 | 133.59 | OK | |||
r-devel-windows-x86_64 | 2.0.0 | 10.00 | 212.00 | 222.00 | OK | |
r-patched-linux-x86_64 | 1.0.0 | 4.57 | 53.04 | 57.61 | OK | |
r-release-linux-x86_64 | 1.0.0 | 4.23 | 53.05 | 57.28 | OK | |
r-release-macos-arm64 | 2.0.0 | 185.00 | OK | |||
r-release-macos-x86_64 | 2.0.0 | 253.00 | OK | |||
r-release-windows-x86_64 | 1.0.0 | 6.00 | 70.00 | 76.00 | OK | |
r-oldrel-macos-arm64 | 2.0.0 | 220.00 | OK | |||
r-oldrel-macos-x86_64 | 2.0.0 | 271.00 | OK | |||
r-oldrel-windows-x86_64 | 1.0.0 | 7.00 | 79.00 | 86.00 | OK |
Version: 1.0.0
Check: examples
Result: NOTE
Examples with CPU (user + system) or elapsed time > 5s
user system elapsed
getAOI 4.639 0.098 5.499
Flavor: r-devel-linux-x86_64-debian-gcc