Last updated on 2025-04-28 18:50:20 CEST.
Flavor | Version | Tinstall | Tcheck | Ttotal | Status | Flags |
---|---|---|---|---|---|---|
r-devel-linux-x86_64-debian-clang | 8.0-0 | 47.46 | 281.69 | 329.15 | OK | |
r-devel-linux-x86_64-debian-gcc | 8.0-0 | 34.87 | 185.43 | 220.30 | NOTE | |
r-devel-linux-x86_64-fedora-clang | 8.0-0 | 513.36 | OK | |||
r-devel-linux-x86_64-fedora-gcc | 8.0-0 | 480.35 | OK | |||
r-devel-windows-x86_64 | 8.0-0 | 49.00 | 281.00 | 330.00 | OK | |
r-patched-linux-x86_64 | 8.0-0 | 49.49 | 269.77 | 319.26 | OK | |
r-release-linux-x86_64 | 8.0-0 | 42.48 | 267.69 | 310.17 | OK | |
r-release-macos-arm64 | 8.0-0 | 128.00 | OK | |||
r-release-macos-x86_64 | 8.0-0 | 264.00 | OK | |||
r-release-windows-x86_64 | 8.0-0 | 43.00 | 279.00 | 322.00 | OK | |
r-oldrel-macos-arm64 | 8.0-0 | 122.00 | OK | |||
r-oldrel-macos-x86_64 | 8.0-0 | 268.00 | OK | |||
r-oldrel-windows-x86_64 | 8.0-0 | 63.00 | 367.00 | 430.00 | OK |
Version: 8.0-0
Check: examples
Result: NOTE
Examples with CPU (user + system) or elapsed time > 5s
user system elapsed
contrast 4.33 0.117 5.074
Flavor: r-devel-linux-x86_64-debian-gcc