Last updated on 2025-07-04 19:50:29 CEST.
Flavor | Version | Tinstall | Tcheck | Ttotal | Status | Flags |
---|---|---|---|---|---|---|
r-devel-linux-x86_64-debian-clang | 1.1.3 | 9.86 | 94.06 | 103.92 | NOTE | |
r-devel-linux-x86_64-debian-gcc | 1.1.3 | 6.67 | 68.00 | 74.67 | NOTE | |
r-devel-linux-x86_64-fedora-clang | 1.1.3 | 157.96 | NOTE | |||
r-devel-linux-x86_64-fedora-gcc | 1.1.3 | 174.66 | NOTE | |||
r-devel-windows-x86_64 | 1.1.3 | 15.00 | 107.00 | 122.00 | NOTE | |
r-patched-linux-x86_64 | 1.1.3 | 11.32 | 86.92 | 98.24 | NOTE | |
r-release-linux-x86_64 | 1.1.3 | 9.41 | 86.02 | 95.43 | NOTE | |
r-release-macos-arm64 | 1.1.3 | 54.00 | NOTE | |||
r-release-macos-x86_64 | 1.1.3 | 168.00 | NOTE | |||
r-release-windows-x86_64 | 1.1.3 | 16.00 | 107.00 | 123.00 | NOTE | |
r-oldrel-macos-arm64 | 1.1.3 | 58.00 | NOTE | |||
r-oldrel-macos-x86_64 | 1.1.3 | 89.00 | NOTE | |||
r-oldrel-windows-x86_64 | 1.1.3 | 19.00 | 137.00 | 156.00 | NOTE |
Version: 1.1.3
Check: Rd files
Result: NOTE
checkRd: (-1) update_tidy_omic.Rd:16-17: Lost braces
16 | in \code{updated_tidy_data} (names) and the table {features, samples,
| ^
Flavors: r-devel-linux-x86_64-debian-clang, r-devel-linux-x86_64-debian-gcc, r-devel-linux-x86_64-fedora-clang, r-devel-linux-x86_64-fedora-gcc, r-devel-windows-x86_64, r-patched-linux-x86_64, r-release-linux-x86_64, r-release-macos-arm64, r-release-macos-x86_64, r-release-windows-x86_64, r-oldrel-macos-arm64, r-oldrel-macos-x86_64, r-oldrel-windows-x86_64