CRAN Package Check Results for Package rsparse

Last updated on 2025-04-29 18:50:54 CEST.

Flavor Version Tinstall Tcheck Ttotal Status Flags
r-devel-linux-x86_64-debian-clang 0.5.3 147.82 126.57 274.39 OK
r-devel-linux-x86_64-debian-gcc 0.5.3 96.72 93.28 190.00 OK
r-devel-linux-x86_64-fedora-clang 0.5.3 503.77 NOTE
r-devel-linux-x86_64-fedora-gcc 0.5.3 470.82 NOTE
r-devel-windows-x86_64 0.5.3 173.00 148.00 321.00 OK
r-patched-linux-x86_64 0.5.3 139.86 120.44 260.30 OK
r-release-linux-x86_64 0.5.3 144.21 120.26 264.47 OK
r-release-macos-arm64 0.5.3 123.00 OK
r-release-macos-x86_64 0.5.3 181.00 OK
r-release-windows-x86_64 0.5.3 173.00 157.00 330.00 OK
r-oldrel-macos-arm64 0.5.3 107.00 NOTE
r-oldrel-macos-x86_64 0.5.3 229.00 NOTE
r-oldrel-windows-x86_64 0.5.3 192.00 195.00 387.00 OK

Check Details

Version: 0.5.3
Check: dependencies in R code
Result: NOTE Namespace in Imports field not imported from: ‘MatrixExtra’ All declared Imports should be used. Flavors: r-devel-linux-x86_64-fedora-clang, r-devel-linux-x86_64-fedora-gcc

Version: 0.5.3
Check: installed package size
Result: NOTE installed size is 10.2Mb sub-directories of 1Mb or more: libs 9.5Mb Flavors: r-oldrel-macos-arm64, r-oldrel-macos-x86_64