Last updated on 2025-07-04 07:49:40 CEST.
Flavor | Version | Tinstall | Tcheck | Ttotal | Status | Flags |
---|---|---|---|---|---|---|
r-devel-linux-x86_64-debian-clang | 1.6.13 | 18.25 | 60.24 | 78.49 | OK | |
r-devel-linux-x86_64-debian-gcc | 1.6.13 | 16.55 | 48.13 | 64.68 | OK | |
r-devel-linux-x86_64-fedora-clang | 1.6.13 | 130.27 | OK | |||
r-devel-linux-x86_64-fedora-gcc | 1.6.13 | 150.39 | OK | |||
r-devel-windows-x86_64 | 1.6.13 | 31.00 | 171.00 | 202.00 | OK | |
r-patched-linux-x86_64 | 1.6.13 | 21.91 | 58.51 | 80.42 | OK | |
r-release-linux-x86_64 | 1.6.13 | 21.07 | 58.89 | 79.96 | OK | |
r-release-macos-arm64 | 1.6.13 | 108.00 | OK | |||
r-release-macos-x86_64 | 1.6.13 | 167.00 | OK | |||
r-release-windows-x86_64 | 1.6.13 | 33.00 | 176.00 | 209.00 | OK | |
r-oldrel-macos-arm64 | 1.6.13 | 100.00 | NOTE | |||
r-oldrel-macos-x86_64 | 1.6.13 | 153.00 | NOTE | |||
r-oldrel-windows-x86_64 | 1.6.13 | 33.00 | 175.00 | 208.00 | OK |
Version: 1.6.13
Check: installed package size
Result: NOTE
installed size is 6.0Mb
sub-directories of 1Mb or more:
libs 2.4Mb
projects 2.9Mb
Flavors: r-oldrel-macos-arm64, r-oldrel-macos-x86_64