CRAN Package Check Results for Package rtodoist

Last updated on 2025-07-03 19:50:39 CEST.

Flavor Version Tinstall Tcheck Ttotal Status Flags
r-devel-linux-x86_64-debian-clang 0.1.0 4.45 40.42 44.87 OK
r-devel-linux-x86_64-debian-gcc 0.1.0 2.94 30.17 33.11 OK
r-devel-linux-x86_64-fedora-clang 0.1.0 68.49 OK
r-devel-linux-x86_64-fedora-gcc 0.1.0 80.79 OK
r-devel-windows-x86_64 0.1.0 6.00 60.00 66.00 OK
r-patched-linux-x86_64 0.1.0 4.40 36.10 40.50 OK
r-release-linux-x86_64 0.1.0 4.35 36.06 40.41 OK
r-release-macos-arm64 0.1.0 32.00 OK
r-release-macos-x86_64 0.1.0 53.00 OK
r-release-windows-x86_64 0.1.0 6.00 59.00 65.00 OK
r-oldrel-macos-arm64 0.1.0 30.00 NOTE
r-oldrel-macos-x86_64 0.1.0 43.00 NOTE
r-oldrel-windows-x86_64 0.1.0 7.00 66.00 73.00 NOTE

Check Details

Version: 0.1.0
Check: LazyData
Result: NOTE 'LazyData' is specified without a 'data' directory Flavors: r-oldrel-macos-arm64, r-oldrel-macos-x86_64, r-oldrel-windows-x86_64