Last updated on 2025-04-29 06:49:54 CEST.
Flavor | Version | Tinstall | Tcheck | Ttotal | Status | Flags |
---|---|---|---|---|---|---|
r-devel-linux-x86_64-debian-clang | 4.0 | 3.09 | 22.67 | 25.76 | OK | |
r-devel-linux-x86_64-debian-gcc | 4.0 | 2.25 | 17.62 | 19.87 | NOTE | |
r-devel-linux-x86_64-fedora-clang | 4.0 | 44.83 | OK | |||
r-devel-linux-x86_64-fedora-gcc | 4.0 | 39.59 | OK | |||
r-devel-windows-x86_64 | 4.0 | 3.00 | 44.00 | 47.00 | OK | |
r-patched-linux-x86_64 | 4.0 | 3.14 | 22.11 | 25.25 | OK | |
r-release-linux-x86_64 | 4.0 | 2.99 | 21.92 | 24.91 | OK | |
r-release-macos-arm64 | 4.0 | 17.00 | OK | |||
r-release-macos-x86_64 | 4.0 | 27.00 | OK | |||
r-release-windows-x86_64 | 4.0 | 4.00 | 45.00 | 49.00 | OK | |
r-oldrel-macos-arm64 | 4.0 | 17.00 | OK | |||
r-oldrel-macos-x86_64 | 4.0 | 24.00 | OK | |||
r-oldrel-windows-x86_64 | 4.0 | 5.00 | 49.00 | 54.00 | OK |
Version: 4.0
Check: CRAN incoming feasibility
Result: NOTE
Maintainer: ‘Wei Guo <wei.guo3@nih.gov>’
No Authors@R field in DESCRIPTION.
Please add one, modifying
Authors@R: person(given = "Wei",
family = "Guo",
role = c("aut", "cre"),
email = "wei.guo3@nih.gov")
as necessary.
Flavor: r-devel-linux-x86_64-debian-gcc