Last updated on 2025-04-28 18:50:22 CEST.
Flavor | Version | Tinstall | Tcheck | Ttotal | Status | Flags |
---|---|---|---|---|---|---|
r-devel-linux-x86_64-debian-clang | 1.0.27 | 3.12 | 24.34 | 27.46 | OK | |
r-devel-linux-x86_64-debian-gcc | 1.0.27 | 1.83 | 20.17 | 22.00 | NOTE | |
r-devel-linux-x86_64-fedora-clang | 1.0.27 | 45.70 | OK | |||
r-devel-linux-x86_64-fedora-gcc | 1.0.27 | 41.70 | OK | |||
r-devel-windows-x86_64 | 1.0.27 | 4.00 | 47.00 | 51.00 | OK | |
r-patched-linux-x86_64 | 1.0.27 | 2.81 | 23.99 | 26.80 | OK | |
r-release-linux-x86_64 | 1.0.27 | 2.90 | 23.73 | 26.63 | OK | |
r-release-macos-arm64 | 1.0.27 | 18.00 | OK | |||
r-release-macos-x86_64 | 1.0.27 | 34.00 | OK | |||
r-release-windows-x86_64 | 1.0.27 | 6.00 | 47.00 | 53.00 | OK | |
r-oldrel-macos-arm64 | 1.0.27 | 16.00 | OK | |||
r-oldrel-macos-x86_64 | 1.0.27 | 25.00 | OK | |||
r-oldrel-windows-x86_64 | 1.0.27 | 6.00 | 49.00 | 55.00 | OK |
Version: 1.0.27
Check: CRAN incoming feasibility
Result: NOTE
Maintainer: ‘David Hervas <ddhervas@yahoo.es>’
No Authors@R field in DESCRIPTION.
Please add one, modifying
Authors@R: person(given = "David",
family = "Hervas",
role = c("aut", "cre"),
email = "ddhervas@yahoo.es")
as necessary.
Flavor: r-devel-linux-x86_64-debian-gcc