Last updated on 2025-04-28 18:50:21 CEST.
Flavor | Version | Tinstall | Tcheck | Ttotal | Status | Flags |
---|---|---|---|---|---|---|
r-devel-linux-x86_64-debian-clang | 4.1.1 | 9.76 | 76.78 | 86.54 | OK | |
r-devel-linux-x86_64-debian-gcc | 4.1.1 | 6.98 | 56.88 | 63.86 | NOTE | |
r-devel-linux-x86_64-fedora-clang | 4.1.1 | 148.78 | OK | |||
r-devel-linux-x86_64-fedora-gcc | 4.1.1 | 151.91 | OK | |||
r-devel-windows-x86_64 | 4.1.1 | 12.00 | 99.00 | 111.00 | OK | |
r-patched-linux-x86_64 | 4.1.1 | 9.02 | 73.56 | 82.58 | OK | |
r-release-linux-x86_64 | 4.1.1 | 9.29 | 73.28 | 82.57 | OK | |
r-release-macos-arm64 | 4.1.1 | 51.00 | OK | |||
r-release-macos-x86_64 | 4.1.1 | 107.00 | OK | |||
r-release-windows-x86_64 | 4.1.1 | 13.00 | 100.00 | 113.00 | OK | |
r-oldrel-macos-arm64 | 4.1.1 | 50.00 | OK | |||
r-oldrel-macos-x86_64 | 4.1.1 | 74.00 | OK | |||
r-oldrel-windows-x86_64 | 4.1.1 | 15.00 | 117.00 | 132.00 | OK |
Version: 4.1.1
Check: CRAN incoming feasibility
Result: NOTE
Maintainer: ‘Hugo Andres Gutierrez Rojas <hagutierrezro@gmail.com>’
No Authors@R field in DESCRIPTION.
Please add one, modifying
Authors@R: person(given = c("Hugo", "Andres", "Gutierrez"),
family = "Rojas",
role = c("aut", "cre"),
email = "hagutierrezro@gmail.com")
as necessary.
Flavor: r-devel-linux-x86_64-debian-gcc