Last updated on 2025-04-29 06:49:54 CEST.
Flavor | Version | Tinstall | Tcheck | Ttotal | Status | Flags |
---|---|---|---|---|---|---|
r-devel-linux-x86_64-debian-clang | 2.10 | 6.42 | 73.44 | 79.86 | OK | |
r-devel-linux-x86_64-debian-gcc | 2.10 | 4.31 | 52.09 | 56.40 | NOTE | |
r-devel-linux-x86_64-fedora-clang | 2.10 | 137.28 | OK | |||
r-devel-linux-x86_64-fedora-gcc | 2.10 | 135.79 | OK | |||
r-devel-windows-x86_64 | 2.10 | 11.00 | 135.00 | 146.00 | OK | |
r-patched-linux-x86_64 | 2.10 | 7.70 | 69.86 | 77.56 | OK | |
r-release-linux-x86_64 | 2.10 | 5.91 | 70.48 | 76.39 | OK | |
r-release-macos-arm64 | 2.10 | 51.00 | OK | |||
r-release-macos-x86_64 | 2.10 | 98.00 | OK | |||
r-release-windows-x86_64 | 2.10 | 10.00 | 140.00 | 150.00 | OK | |
r-oldrel-macos-arm64 | 2.10 | 52.00 | OK | |||
r-oldrel-macos-x86_64 | 2.10 | 72.00 | OK | |||
r-oldrel-windows-x86_64 | 2.10 | 12.00 | 139.00 | 151.00 | OK |
Version: 2.10
Check: CRAN incoming feasibility
Result: NOTE
Maintainer: ‘Alina Matei <alina.matei@unine.ch>’
No Authors@R field in DESCRIPTION.
Please add one, modifying
Authors@R: c(person(given = "Yves",
family = "Tillé",
role = "aut",
email = "yves.tille@unine.ch"),
person(given = "Alina",
family = "Matei",
role = c("aut", "cre"),
email = "alina.matei@unine.ch"))
as necessary.
Flavor: r-devel-linux-x86_64-debian-gcc