Last updated on 2025-07-04 19:50:30 CEST.
Flavor | Version | Tinstall | Tcheck | Ttotal | Status | Flags |
---|---|---|---|---|---|---|
r-devel-linux-x86_64-debian-clang | 0.2.0 | 1.72 | 20.93 | 22.65 | OK | |
r-devel-linux-x86_64-debian-gcc | 0.2.0 | 1.46 | 17.37 | 18.83 | OK | |
r-devel-linux-x86_64-fedora-clang | 0.2.0 | 36.10 | OK | |||
r-devel-linux-x86_64-fedora-gcc | 0.2.0 | 49.39 | OK | |||
r-devel-windows-x86_64 | 0.2.0 | 2.00 | 42.00 | 44.00 | OK | |
r-patched-linux-x86_64 | 0.2.0 | 1.71 | 19.60 | 21.31 | OK | |
r-release-linux-x86_64 | 0.2.0 | 1.70 | 19.75 | 21.45 | OK | |
r-release-macos-arm64 | 0.2.0 | 23.00 | OK | |||
r-release-macos-x86_64 | 0.2.0 | 39.00 | OK | |||
r-release-windows-x86_64 | 0.2.0 | 2.00 | 42.00 | 44.00 | OK | |
r-oldrel-macos-arm64 | 0.2.0 | 19.00 | NOTE | |||
r-oldrel-macos-x86_64 | 0.2.0 | 31.00 | NOTE | |||
r-oldrel-windows-x86_64 | 0.2.0 | 2.00 | 51.00 | 53.00 | NOTE |
Version: 0.2.0
Check: LazyData
Result: NOTE
'LazyData' is specified without a 'data' directory
Flavors: r-oldrel-macos-arm64, r-oldrel-macos-x86_64, r-oldrel-windows-x86_64