Last updated on 2025-04-29 18:50:54 CEST.
Flavor | Version | Tinstall | Tcheck | Ttotal | Status | Flags |
---|---|---|---|---|---|---|
r-devel-linux-x86_64-debian-clang | 0.2 | 122.09 | 81.63 | 203.72 | NOTE | |
r-devel-linux-x86_64-debian-gcc | 0.2 | 91.22 | 49.64 | 140.86 | NOTE | |
r-devel-linux-x86_64-fedora-clang | 0.2 | 374.17 | OK | |||
r-devel-linux-x86_64-fedora-gcc | 0.2 | 339.87 | OK | |||
r-devel-windows-x86_64 | 0.2 | 140.00 | 84.00 | 224.00 | OK | |
r-patched-linux-x86_64 | 0.2 | 130.40 | 56.62 | 187.02 | OK | |
r-release-linux-x86_64 | 0.2 | 131.70 | 56.95 | 188.65 | OK | |
r-release-macos-arm64 | 0.2 | 74.00 | OK | |||
r-release-macos-x86_64 | 0.2 | 93.00 | OK | |||
r-release-windows-x86_64 | 0.2 | 142.00 | 90.00 | 232.00 | OK | |
r-oldrel-macos-arm64 | 0.2 | 70.00 | NOTE | |||
r-oldrel-macos-x86_64 | 0.2 | 86.00 | NOTE | |||
r-oldrel-windows-x86_64 | 0.2 | 159.00 | 103.00 | 262.00 | OK |
Version: 0.2
Check: examples
Result: NOTE
Examples with CPU (user + system) or elapsed time > 5s
user system elapsed
rheteroLinearIndepMetrop 24.252 1.176 12.182
rhierLinearMixtureParallel 19.821 1.038 9.021
Flavor: r-devel-linux-x86_64-debian-clang
Version: 0.2
Check: examples
Result: NOTE
Examples with CPU (user + system) or elapsed time > 5s
user system elapsed
rheteroLinearIndepMetrop 13.214 0.040 7.851
rhierLinearMixtureParallel 11.210 0.028 5.456
Flavor: r-devel-linux-x86_64-debian-gcc
Version: 0.2
Check: installed package size
Result: NOTE
installed size is 8.8Mb
sub-directories of 1Mb or more:
libs 8.6Mb
Flavors: r-oldrel-macos-arm64, r-oldrel-macos-x86_64