Last updated on 2025-04-29 18:50:54 CEST.
Flavor | Version | Tinstall | Tcheck | Ttotal | Status | Flags |
---|---|---|---|---|---|---|
r-devel-linux-x86_64-debian-clang | 1.0-1 | 8.37 | 83.67 | 92.04 | NOTE | |
r-devel-linux-x86_64-debian-gcc | 1.0-1 | 5.12 | 52.27 | 57.39 | NOTE | |
r-devel-linux-x86_64-fedora-clang | 1.0-1 | 147.42 | NOTE | |||
r-devel-linux-x86_64-fedora-gcc | 1.0-1 | 153.95 | NOTE | |||
r-devel-windows-x86_64 | 1.0-1 | 8.00 | 103.00 | 111.00 | OK | |
r-patched-linux-x86_64 | 1.0-1 | 8.99 | 78.30 | 87.29 | OK | |
r-release-linux-x86_64 | 1.0-1 | 7.44 | 78.68 | 86.12 | OK | |
r-release-macos-arm64 | 1.0-1 | 62.00 | OK | |||
r-release-macos-x86_64 | 1.0-1 | 96.00 | OK | |||
r-release-windows-x86_64 | 1.0-1 | 9.00 | 106.00 | 115.00 | OK | |
r-oldrel-macos-arm64 | 1.0-1 | 39.00 | OK | |||
r-oldrel-macos-x86_64 | 1.0-1 | 70.00 | OK | |||
r-oldrel-windows-x86_64 | 1.0-1 | 8.00 | 114.00 | 122.00 | OK |
Version: 1.0-1
Check: CRAN incoming feasibility
Result: NOTE
Maintainer: ‘Hidetoshi Shimodaira <shimo@i.kyoto-u.ac.jp>’
No Authors@R field in DESCRIPTION.
Please add one, modifying
Authors@R: person(given = "Hidetoshi",
family = "Shimodaira",
role = c("aut", "cre"),
email = "shimo@i.kyoto-u.ac.jp")
as necessary.
The Description field contains
<doi.org/10.3389/fevo.2019.00174>.
Please write DOIs as <doi:prefix/suffix>.
The Description field contains
<arXiv:1711.00949>, and Shimodaira and Terada (2019)
Please refer to arXiv e-prints via their arXiv DOI <doi:10.48550/arXiv.YYMM.NNNNN>.
Found the following URLs which should use \doi (with the DOI name only):
File ‘sbfit.Rd’:
http://dx.doi.org/10.1016/j.jspi.2007.04.001
File ‘scaleboot-package.Rd’:
http://dx.doi.org/10.1016/j.jspi.2007.04.001
Flavors: r-devel-linux-x86_64-debian-clang, r-devel-linux-x86_64-debian-gcc
Version: 1.0-1
Check: examples
Result: NOTE
Examples with CPU (user + system) or elapsed time > 5s
user system elapsed
sbfit 6.259 0.008 8.815
Flavor: r-devel-linux-x86_64-debian-clang
Version: 1.0-1
Check: dependencies in R code
Result: NOTE
Namespace in Imports field not imported from: ‘pvclust’
All declared Imports should be used.
Flavors: r-devel-linux-x86_64-fedora-clang, r-devel-linux-x86_64-fedora-gcc