CRAN Package Check Results for Package scales

Last updated on 2025-07-04 07:49:40 CEST.

Flavor Version Tinstall Tcheck Ttotal Status Flags
r-devel-linux-x86_64-debian-clang 1.4.0 12.50 93.75 106.25 NOTE
r-devel-linux-x86_64-debian-gcc 1.4.0 7.16 62.66 69.82 NOTE
r-devel-linux-x86_64-fedora-clang 1.4.0 156.74 OK
r-devel-linux-x86_64-fedora-gcc 1.4.0 156.01 OK
r-devel-windows-x86_64 1.4.0 12.00 115.00 127.00 OK
r-patched-linux-x86_64 1.4.0 13.46 85.91 99.37 OK
r-release-linux-x86_64 1.4.0 10.23 86.49 96.72 OK
r-release-macos-arm64 1.4.0 47.00 OK
r-release-macos-x86_64 1.4.0 132.00 OK
r-release-windows-x86_64 1.4.0 13.00 119.00 132.00 OK
r-oldrel-macos-arm64 1.4.0 47.00 OK
r-oldrel-macos-x86_64 1.4.0 161.00 OK
r-oldrel-windows-x86_64 1.4.0 16.00 144.00 160.00 OK

Check Details

Version: 1.4.0
Check: DESCRIPTION meta-information
Result: NOTE Author field differs from that derived from Authors@R Author: ‘Hadley Wickham [aut], Thomas Lin Pedersen [cre, aut] (<https://orcid.org/0000-0002-5147-4711>), Dana Seidel [aut], Posit Software, PBC [cph, fnd] (03wc8by49)’ Authors@R: ‘Hadley Wickham [aut], Thomas Lin Pedersen [cre, aut] (ORCID: <https://orcid.org/0000-0002-5147-4711>), Dana Seidel [aut], Posit Software, PBC [cph, fnd] (ROR: <https://ror.org/03wc8by49>)’ Flavors: r-devel-linux-x86_64-debian-clang, r-devel-linux-x86_64-debian-gcc