CRAN Package Check Results for Package scorecardModelUtils

Last updated on 2025-04-29 18:50:54 CEST.

Flavor Version Tinstall Tcheck Ttotal Status Flags
r-devel-linux-x86_64-debian-clang 0.0.1.0 11.58 96.01 107.59 OK
r-devel-linux-x86_64-debian-gcc 0.0.1.0 9.01 68.72 77.73 OK
r-devel-linux-x86_64-fedora-clang 0.0.1.0 166.76 OK
r-devel-linux-x86_64-fedora-gcc 0.0.1.0 154.69 OK
r-devel-windows-x86_64 0.0.1.0 15.00 107.00 122.00 OK
r-patched-linux-x86_64 0.0.1.0 13.03 91.39 104.42 OK
r-release-linux-x86_64 0.0.1.0 10.12 91.53 101.65 OK
r-release-macos-arm64 0.0.1.0 45.00 OK
r-release-macos-x86_64 0.0.1.0 84.00 OK
r-release-windows-x86_64 0.0.1.0 14.00 105.00 119.00 OK
r-oldrel-macos-arm64 0.0.1.0 46.00 NOTE
r-oldrel-macos-x86_64 0.0.1.0 65.00 NOTE
r-oldrel-windows-x86_64 0.0.1.0 16.00 131.00 147.00 NOTE

Check Details

Version: 0.0.1.0
Check: LazyData
Result: NOTE 'LazyData' is specified without a 'data' directory Flavors: r-oldrel-macos-arm64, r-oldrel-macos-x86_64, r-oldrel-windows-x86_64