CRAN Package Check Results for Package scs

Last updated on 2025-04-28 18:50:21 CEST.

Flavor Version Tinstall Tcheck Ttotal Status Flags
r-devel-linux-x86_64-debian-clang 3.2.7 9.25 20.89 30.14 OK
r-devel-linux-x86_64-debian-gcc 3.2.7 9.39 17.58 26.97 OK
r-devel-linux-x86_64-fedora-clang 3.2.7 50.02 OK
r-devel-linux-x86_64-fedora-gcc 3.2.7 53.05 OK
r-devel-windows-x86_64 3.2.7 38.00 45.00 83.00 OK
r-patched-linux-x86_64 3.2.7 12.06 20.31 32.37 OK
r-release-linux-x86_64 3.2.7 11.93 20.51 32.44 OK
r-release-macos-arm64 3.2.7 44.00 OK
r-release-macos-x86_64 3.2.7 65.00 OK
r-release-windows-x86_64 3.2.7 1.00 6.00 7.00 ERROR
r-oldrel-macos-arm64 3.2.7 40.00 NOTE
r-oldrel-macos-x86_64 3.2.7 58.00 NOTE
r-oldrel-windows-x86_64 3.2.7 43.00 47.00 90.00 NOTE

Check Details

Version: 3.2.7
Check: whether package can be installed
Result: ERROR Installation failed. Flavor: r-release-windows-x86_64

Version: 3.2.7
Check: for GNU extensions in Makefiles
Result: NOTE GNU make is a SystemRequirements. Flavors: r-oldrel-macos-arm64, r-oldrel-macos-x86_64, r-oldrel-windows-x86_64