Last updated on 2025-04-29 06:49:55 CEST.
Flavor | Version | Tinstall | Tcheck | Ttotal | Status | Flags |
---|---|---|---|---|---|---|
r-devel-linux-x86_64-debian-clang | 1.4 | 6.25 | 46.41 | 52.66 | OK | |
r-devel-linux-x86_64-debian-gcc | 1.4 | 5.27 | 36.96 | 42.23 | NOTE | |
r-devel-linux-x86_64-fedora-clang | 1.4 | 79.36 | OK | |||
r-devel-linux-x86_64-fedora-gcc | 1.4 | 74.52 | OK | |||
r-devel-windows-x86_64 | 1.4 | 8.00 | 66.00 | 74.00 | OK | |
r-patched-linux-x86_64 | 1.4 | 6.76 | 49.88 | 56.64 | OK | |
r-release-linux-x86_64 | 1.4 | 6.97 | 48.77 | 55.74 | OK | |
r-release-macos-arm64 | 1.4 | 26.00 | OK | |||
r-release-macos-x86_64 | 1.4 | 47.00 | OK | |||
r-release-windows-x86_64 | 1.4 | 8.00 | 67.00 | 75.00 | OK | |
r-oldrel-macos-arm64 | 1.4 | 27.00 | OK | |||
r-oldrel-macos-x86_64 | 1.4 | 40.00 | OK | |||
r-oldrel-windows-x86_64 | 1.4 | 11.00 | 80.00 | 91.00 | OK |
Version: 1.4
Check: CRAN incoming feasibility
Result: NOTE
Maintainer: ‘Brian Greenhill <bgreenhill@albany.edu>’
No Authors@R field in DESCRIPTION.
Please add one, modifying
Authors@R: c(person(given = c("Brian", "D."),
family = "Greenhill",
role = "aut"),
person(given = c("Michael", "D."),
family = "Ward",
role = "aut"),
person(given = "Audrey",
family = "Sacks",
role = "aut"),
person(given = "Brian",
family = "Greenhill",
role = "cre",
email = "bgreenhill@albany.edu"))
as necessary.
Flavor: r-devel-linux-x86_64-debian-gcc