CRAN Package Check Results for Package seqhandbook

Last updated on 2025-04-29 06:49:55 CEST.

Flavor Version Tinstall Tcheck Ttotal Status Flags
r-devel-linux-x86_64-debian-clang 0.1.1 6.85 63.98 70.83 NOTE
r-devel-linux-x86_64-debian-gcc 0.1.1 5.83 50.68 56.51 NOTE
r-devel-linux-x86_64-fedora-clang 0.1.1 113.11 OK
r-devel-linux-x86_64-fedora-gcc 0.1.1 120.98 OK
r-devel-windows-x86_64 0.1.1 8.00 80.00 88.00 NOTE
r-patched-linux-x86_64 0.1.1 7.14 63.83 70.97 NOTE
r-release-linux-x86_64 0.1.1 6.64 62.05 68.69 NOTE
r-release-macos-arm64 0.1.1 52.00 OK
r-release-macos-x86_64 0.1.1 80.00 OK
r-release-windows-x86_64 0.1.1 8.00 79.00 87.00 NOTE
r-oldrel-macos-arm64 0.1.1 41.00 OK
r-oldrel-macos-x86_64 0.1.1 62.00 OK
r-oldrel-windows-x86_64 0.1.1 10.00 99.00 109.00 OK

Check Details

Version: 0.1.1
Check: Rd cross-references
Result: NOTE Found the following Rd file(s) with Rd \link{} targets missing package anchors: seq2qha.Rd: seqdef seq_heatmap.Rd: seqdef, agnes, seqIplot seqi1epi.Rd: seqdef, seqistatd seqifpos.Rd: seqdef, seqistatd seqinepi.Rd: seqdef, seqistatd seqsmooth.Rd: seqdef Please provide package anchors for all Rd \link{} targets not in the package itself and the base packages. Flavors: r-devel-linux-x86_64-debian-clang, r-devel-linux-x86_64-debian-gcc, r-devel-windows-x86_64, r-patched-linux-x86_64, r-release-linux-x86_64, r-release-windows-x86_64

Version: 0.1.1
Check: CRAN incoming feasibility
Result: NOTE Maintainer: ‘Nicolas Robette <nicolas.robette@uvsq.fr>’ No Authors@R field in DESCRIPTION. Please add one, modifying Authors@R: person(given = "Nicolas", family = "Robette", role = c("aut", "cre"), email = "nicolas.robette@uvsq.fr") as necessary. Flavor: r-devel-linux-x86_64-debian-gcc