Last updated on 2025-07-04 19:50:30 CEST.
Flavor | Version | Tinstall | Tcheck | Ttotal | Status | Flags |
---|---|---|---|---|---|---|
r-devel-linux-x86_64-debian-clang | 0.2.2.0 | 34.22 | 291.91 | 326.13 | NOTE | |
r-devel-linux-x86_64-debian-gcc | 0.2.2.0 | 20.96 | 186.96 | 207.92 | ERROR | |
r-devel-linux-x86_64-fedora-clang | 0.2.2.0 | 515.02 | NOTE | |||
r-devel-linux-x86_64-fedora-gcc | 0.2.2.0 | 479.02 | NOTE | |||
r-devel-windows-x86_64 | 0.2.2.0 | 30.00 | 218.00 | 248.00 | NOTE | |
r-patched-linux-x86_64 | 0.2.2.0 | 34.15 | 272.69 | 306.84 | NOTE | |
r-release-linux-x86_64 | 0.2.2.0 | 33.29 | 270.77 | 304.06 | NOTE | |
r-release-macos-arm64 | 0.2.2.0 | 147.00 | NOTE | |||
r-release-macos-x86_64 | 0.2.2.0 | 237.00 | NOTE | |||
r-release-windows-x86_64 | 0.2.2.0 | 32.00 | 221.00 | 253.00 | NOTE | |
r-oldrel-macos-arm64 | 0.2.2.0 | 97.00 | OK | |||
r-oldrel-macos-x86_64 | 0.2.2.0 | 177.00 | OK | |||
r-oldrel-windows-x86_64 | 0.2.2.0 | 42.00 | 310.00 | 352.00 | OK |
Version: 0.2.2.0
Check: DESCRIPTION meta-information
Result: NOTE
Missing dependency on R >= 4.1.0 because package code uses the pipe
|> or function shorthand \(...) syntax added in R 4.1.0.
File(s) using such syntax:
‘st_transform_outline.R’
Flavors: r-devel-linux-x86_64-debian-clang, r-devel-linux-x86_64-debian-gcc, r-devel-linux-x86_64-fedora-clang, r-devel-linux-x86_64-fedora-gcc, r-devel-windows-x86_64, r-patched-linux-x86_64, r-release-linux-x86_64, r-release-macos-arm64, r-release-macos-x86_64, r-release-windows-x86_64
Version: 0.2.2.0
Check: examples
Result: ERROR
Running examples in ‘sfhelper-Ex.R’ failed
The error most likely occurred in:
> base::assign(".ptime", proc.time(), pos = "CheckExEnv")
> ### Name: geolocate
> ### Title: Geolocate historical toponyms
> ### Aliases: geolocate
> ### Keywords: map sf spatial
>
> ### ** Examples
>
> # Search for Paris and Edo (now Tokyo)
> example.df <- data.frame("place" = c("Paris","Edo"), "iso" = c("FR","JP"))
> geolocate(example.df)
Error in rjson::fromJSON(result) :
not all data was parsed (0 chars were parsed out of a total of 164 chars)
Calls: geolocate -> <Anonymous>
Execution halted
Flavor: r-devel-linux-x86_64-debian-gcc