Last updated on 2025-04-28 18:50:22 CEST.
Flavor | Version | Tinstall | Tcheck | Ttotal | Status | Flags |
---|---|---|---|---|---|---|
r-devel-linux-x86_64-debian-clang | 0.2.0 | 9.83 | 443.18 | 453.01 | OK | |
r-devel-linux-x86_64-debian-gcc | 0.2.0 | 8.39 | 292.60 | 300.99 | NOTE | |
r-devel-linux-x86_64-fedora-clang | 0.2.0 | 756.32 | OK | |||
r-devel-linux-x86_64-fedora-gcc | 0.2.0 | 679.90 | OK | |||
r-devel-windows-x86_64 | 0.2.0 | 11.00 | 368.00 | 379.00 | OK | |
r-patched-linux-x86_64 | 0.2.0 | 10.31 | 427.58 | 437.89 | OK | |
r-release-linux-x86_64 | 0.2.0 | 9.39 | 429.38 | 438.77 | OK | |
r-release-macos-arm64 | 0.2.0 | 177.00 | OK | |||
r-release-macos-x86_64 | 0.2.0 | 370.00 | OK | |||
r-release-windows-x86_64 | 0.2.0 | 14.00 | 375.00 | 389.00 | OK | |
r-oldrel-macos-arm64 | 0.2.0 | 163.00 | OK | |||
r-oldrel-macos-x86_64 | 0.2.0 | 354.00 | OK | |||
r-oldrel-windows-x86_64 | 0.2.0 | 16.00 | 550.00 | 566.00 | OK |
Version: 0.2.0
Check: examples
Result: NOTE
Examples with CPU (user + system) or elapsed time > 5s
user system elapsed
get_coef_path 6.229 0.598 8.258
plot_path 6.407 0.302 7.257
Flavor: r-devel-linux-x86_64-debian-gcc