Last updated on 2025-04-29 06:49:55 CEST.
Flavor | Version | Tinstall | Tcheck | Ttotal | Status | Flags |
---|---|---|---|---|---|---|
r-devel-linux-x86_64-debian-clang | 0.2.2 | 17.77 | 126.66 | 144.43 | OK | |
r-devel-linux-x86_64-debian-gcc | 0.2.2 | 12.72 | 95.07 | 107.79 | NOTE | |
r-devel-linux-x86_64-fedora-clang | 0.2.2 | 243.69 | OK | |||
r-devel-linux-x86_64-fedora-gcc | 0.2.2 | 215.43 | OK | |||
r-devel-windows-x86_64 | 0.2.2 | 17.00 | 132.00 | 149.00 | OK | |
r-patched-linux-x86_64 | 0.2.2 | 16.07 | 125.48 | 141.55 | OK | |
r-release-linux-x86_64 | 0.2.2 | 14.33 | 125.23 | 139.56 | OK | |
r-release-macos-arm64 | 0.2.2 | 95.00 | OK | |||
r-release-macos-x86_64 | 0.2.2 | 177.00 | OK | |||
r-release-windows-x86_64 | 0.2.2 | 18.00 | 131.00 | 149.00 | OK | |
r-oldrel-macos-arm64 | 0.2.2 | 79.00 | OK | |||
r-oldrel-macos-x86_64 | 0.2.2 | 96.00 | OK | |||
r-oldrel-windows-x86_64 | 0.2.2 | 21.00 | 167.00 | 188.00 | OK |
Version: 0.2.2
Check: CRAN incoming feasibility
Result: NOTE
Maintainer: ‘Carlos Alberto Cardozo Delgado <cardozorpackages@gmail.com>’
No Authors@R field in DESCRIPTION.
Please add one, modifying
Authors@R: c(person(given = c("Carlos", "Alberto", "Cardozo"),
family = "Delgado",
role = c("aut", "cre"),
email = "cardozorpackages@gmail.com"),
person(given = "G.",
family = "Paula",
role = "aut"),
person(given = "L.",
family = "Vanegas",
role = "aut"))
as necessary.
Flavor: r-devel-linux-x86_64-debian-gcc