Last updated on 2025-04-28 18:50:22 CEST.
Flavor | Version | Tinstall | Tcheck | Ttotal | Status | Flags |
---|---|---|---|---|---|---|
r-devel-linux-x86_64-debian-clang | 0.1.3 | 8.57 | 82.74 | 91.31 | OK | |
r-devel-linux-x86_64-debian-gcc | 0.1.3 | 6.38 | 63.74 | 70.12 | NOTE | |
r-devel-linux-x86_64-fedora-clang | 0.1.3 | 155.93 | OK | |||
r-devel-linux-x86_64-fedora-gcc | 0.1.3 | 150.61 | OK | |||
r-devel-windows-x86_64 | 0.1.3 | 11.00 | 141.00 | 152.00 | OK | |
r-patched-linux-x86_64 | 0.1.3 | 10.24 | 82.92 | 93.16 | OK | |
r-release-linux-x86_64 | 0.1.3 | 8.73 | 82.72 | 91.45 | OK | |
r-release-macos-arm64 | 0.1.3 | 87.00 | OK | |||
r-release-macos-x86_64 | 0.1.3 | 101.00 | OK | |||
r-release-windows-x86_64 | 0.1.3 | 12.00 | 127.00 | 139.00 | OK | |
r-oldrel-macos-arm64 | 0.1.3 | 49.00 | NOTE | |||
r-oldrel-macos-x86_64 | 0.1.3 | 76.00 | NOTE | |||
r-oldrel-windows-x86_64 | 0.1.3 | 13.00 | 136.00 | 149.00 | NOTE |
Version: 0.1.3
Check: CRAN incoming feasibility
Result: NOTE
Maintainer: ‘Szymon Maksymiuk <sz.maksymiuk@gmail.com>’
The Description field contains
Lundberg, S., et al., (2016) <arXiv:1705.07874> The SHAP method is used
Please refer to arXiv e-prints via their arXiv DOI <doi:10.48550/arXiv.YYMM.NNNNN>.
Flavor: r-devel-linux-x86_64-debian-gcc
Version: 0.1.3
Check: LazyData
Result: NOTE
'LazyData' is specified without a 'data' directory
Flavors: r-oldrel-macos-arm64, r-oldrel-macos-x86_64, r-oldrel-windows-x86_64