Last updated on 2025-04-28 18:50:22 CEST.
Flavor | Version | Tinstall | Tcheck | Ttotal | Status | Flags |
---|---|---|---|---|---|---|
r-devel-linux-x86_64-debian-clang | 1.0.3 | 85.68 | 298.64 | 384.32 | OK | |
r-devel-linux-x86_64-debian-gcc | 1.0.3 | 58.32 | 208.86 | 267.18 | OK | |
r-devel-linux-x86_64-fedora-clang | 1.0.3 | 730.72 | OK | |||
r-devel-linux-x86_64-fedora-gcc | 1.0.4 | 781.47 | OK | |||
r-devel-windows-x86_64 | 1.0.3 | 93.00 | 310.00 | 403.00 | OK | |
r-patched-linux-x86_64 | 1.0.3 | 87.11 | 285.24 | 372.35 | OK | |
r-release-linux-x86_64 | 1.0.3 | 85.31 | 284.19 | 369.50 | OK | |
r-release-macos-arm64 | 1.0.4 | 192.00 | OK | |||
r-release-macos-x86_64 | 1.0.4 | 446.00 | OK | |||
r-release-windows-x86_64 | 1.0.3 | 90.00 | 307.00 | 397.00 | OK | |
r-oldrel-macos-arm64 | 1.0.4 | 185.00 | NOTE | |||
r-oldrel-macos-x86_64 | 1.0.4 | 412.00 | NOTE | |||
r-oldrel-windows-x86_64 | 1.0.3 | 113.00 | 403.00 | 516.00 | NOTE |
Version: 1.0.4
Check: installed package size
Result: NOTE
installed size is 9.7Mb
sub-directories of 1Mb or more:
doc 4.4Mb
libs 4.1Mb
Flavors: r-oldrel-macos-arm64, r-oldrel-macos-x86_64
Version: 1.0.3
Check: installed package size
Result: NOTE
installed size is 6.8Mb
sub-directories of 1Mb or more:
doc 4.3Mb
libs 1.3Mb
Flavor: r-oldrel-windows-x86_64