Last updated on 2025-07-04 07:49:41 CEST.
Flavor | Version | Tinstall | Tcheck | Ttotal | Status | Flags |
---|---|---|---|---|---|---|
r-devel-linux-x86_64-debian-clang | 0.1 | 12.30 | 90.93 | 103.23 | NOTE | |
r-devel-linux-x86_64-debian-gcc | 0.1 | 8.86 | 66.19 | 75.05 | NOTE | |
r-devel-linux-x86_64-fedora-clang | 0.1 | 158.22 | OK | |||
r-devel-linux-x86_64-fedora-gcc | 0.1 | 149.24 | OK | |||
r-devel-windows-x86_64 | 0.1 | 14.00 | 93.00 | 107.00 | OK | |
r-patched-linux-x86_64 | 0.1 | 12.53 | 85.07 | 97.60 | OK | |
r-release-linux-x86_64 | 0.1 | 11.48 | 86.56 | 98.04 | OK | |
r-release-macos-arm64 | 0.1 | 51.00 | OK | |||
r-release-macos-x86_64 | 0.1 | 83.00 | OK | |||
r-release-windows-x86_64 | 0.1 | 15.00 | 94.00 | 109.00 | OK | |
r-oldrel-macos-arm64 | 0.1 | 38.00 | NOTE | |||
r-oldrel-macos-x86_64 | 0.1 | 64.00 | NOTE | |||
r-oldrel-windows-x86_64 | 0.1 | 17.00 | 118.00 | 135.00 | NOTE |
Version: 0.1
Check: CRAN incoming feasibility
Result: NOTE
Maintainer: ‘Huseyin Yildiz <huseyinyildiz35@gmail.com>’
No Authors@R field in DESCRIPTION.
Please add one, modifying
Authors@R: person(given = "Huseyin",
family = "Yildiz",
role = c("aut", "cre"),
email = "huseyinyildiz35@gmail.com")
as necessary.
Flavors: r-devel-linux-x86_64-debian-clang, r-devel-linux-x86_64-debian-gcc
Version: 0.1
Check: LazyData
Result: NOTE
'LazyData' is specified without a 'data' directory
Flavors: r-oldrel-macos-arm64, r-oldrel-macos-x86_64, r-oldrel-windows-x86_64