Last updated on 2025-04-28 18:50:22 CEST.
Flavor | Version | Tinstall | Tcheck | Ttotal | Status | Flags |
---|---|---|---|---|---|---|
r-devel-linux-x86_64-debian-clang | 1.0.5 | 1.92 | 17.44 | 19.36 | OK | |
r-devel-linux-x86_64-debian-gcc | 1.0.5 | 1.36 | 15.45 | 16.81 | NOTE | |
r-devel-linux-x86_64-fedora-clang | 1.0.5 | 31.40 | NOTE | |||
r-devel-linux-x86_64-fedora-gcc | 1.0.5 | 29.21 | NOTE | |||
r-devel-windows-x86_64 | 1.0.5 | 5.00 | 39.00 | 44.00 | OK | |
r-patched-linux-x86_64 | 1.0.5 | 1.85 | 17.12 | 18.97 | OK | |
r-release-linux-x86_64 | 1.0.5 | 1.78 | 17.30 | 19.08 | OK | |
r-release-macos-arm64 | 1.0.5 | 14.00 | OK | |||
r-release-macos-x86_64 | 1.0.5 | 20.00 | OK | |||
r-release-windows-x86_64 | 1.0.5 | 5.00 | 39.00 | 44.00 | OK | |
r-oldrel-macos-arm64 | 1.0.5 | 14.00 | NOTE | |||
r-oldrel-macos-x86_64 | 1.0.5 | 21.00 | NOTE | |||
r-oldrel-windows-x86_64 | 1.0.5 | 4.00 | 42.00 | 46.00 | NOTE |
Version: 1.0.5
Check: CRAN incoming feasibility
Result: NOTE
Maintainer: ‘Joe Wandy <joe.wandy@glasgow.ac.uk>’
No Authors@R field in DESCRIPTION.
Please add one, modifying
Authors@R: person(given = "Joe",
family = "Wandy",
role = c("aut", "cre"),
email = "joe.wandy@glasgow.ac.uk")
as necessary.
Flavor: r-devel-linux-x86_64-debian-gcc
Version: 1.0.5
Check: dependencies in R code
Result: NOTE
Namespaces in Imports field not imported from:
‘KGode’ ‘XML’ ‘ggplot2’ ‘gridExtra’ ‘mvtnorm’ ‘reshape2’ ‘shinyjs’
All declared Imports should be used.
Flavors: r-devel-linux-x86_64-fedora-clang, r-devel-linux-x86_64-fedora-gcc
Version: 1.0.5
Check: LazyData
Result: NOTE
'LazyData' is specified without a 'data' directory
Flavors: r-oldrel-macos-arm64, r-oldrel-macos-x86_64, r-oldrel-windows-x86_64