Last updated on 2025-07-04 07:49:41 CEST.
Flavor | Version | Tinstall | Tcheck | Ttotal | Status | Flags |
---|---|---|---|---|---|---|
r-devel-linux-x86_64-debian-clang | 0.1.0 | 16.87 | 118.54 | 135.41 | NOTE | |
r-devel-linux-x86_64-debian-gcc | 0.1.0 | 10.60 | 84.17 | 94.77 | NOTE | |
r-devel-linux-x86_64-fedora-clang | 0.1.0 | 202.08 | OK | |||
r-devel-linux-x86_64-fedora-gcc | 0.1.0 | 189.43 | OK | |||
r-devel-windows-x86_64 | 0.1.0 | 16.00 | 108.00 | 124.00 | OK | |
r-patched-linux-x86_64 | 0.1.0 | 13.84 | 105.52 | 119.36 | OK | |
r-release-linux-x86_64 | 0.1.0 | 13.35 | 104.89 | 118.24 | OK | |
r-release-macos-arm64 | 0.1.0 | 51.00 | OK | |||
r-release-macos-x86_64 | 0.1.0 | 88.00 | OK | |||
r-release-windows-x86_64 | 0.1.0 | 16.00 | 110.00 | 126.00 | OK | |
r-oldrel-macos-arm64 | 0.1.0 | 51.00 | NOTE | |||
r-oldrel-macos-x86_64 | 0.1.0 | 73.00 | NOTE | |||
r-oldrel-windows-x86_64 | 0.1.0 | 22.00 | 140.00 | 162.00 | NOTE |
Version: 0.1.0
Check: CRAN incoming feasibility
Result: NOTE
Maintainer: ‘Alberto Almuiña <albertogonzalezalmuinha@gmail.com>’
No Authors@R field in DESCRIPTION.
Please add one, modifying
Authors@R: person(given = "Alberto",
family = "Almuiña",
role = c("aut", "cre"),
email = "albertogonzalezalmuinha@gmail.com")
as necessary.
Flavors: r-devel-linux-x86_64-debian-clang, r-devel-linux-x86_64-debian-gcc
Version: 0.1.0
Check: LazyData
Result: NOTE
'LazyData' is specified without a 'data' directory
Flavors: r-oldrel-macos-arm64, r-oldrel-macos-x86_64, r-oldrel-windows-x86_64