Last updated on 2025-04-29 06:49:55 CEST.
Flavor | Version | Tinstall | Tcheck | Ttotal | Status | Flags |
---|---|---|---|---|---|---|
r-devel-linux-x86_64-debian-clang | 2.2.0 | 3.38 | 28.42 | 31.80 | OK | |
r-devel-linux-x86_64-debian-gcc | 2.2.0 | 2.68 | 23.43 | 26.11 | NOTE | |
r-devel-linux-x86_64-fedora-clang | 2.2.0 | 51.44 | OK | |||
r-devel-linux-x86_64-fedora-gcc | 2.2.0 | 47.52 | OK | |||
r-devel-windows-x86_64 | 2.2.0 | 5.00 | 48.00 | 53.00 | OK | |
r-patched-linux-x86_64 | 2.2.0 | 3.17 | 27.91 | 31.08 | OK | |
r-release-linux-x86_64 | 2.2.0 | 2.70 | 28.09 | 30.79 | OK | |
r-release-macos-arm64 | 2.2.0 | 31.00 | OK | |||
r-release-macos-x86_64 | 2.2.0 | 34.00 | OK | |||
r-release-windows-x86_64 | 2.2.0 | 5.00 | 51.00 | 56.00 | OK | |
r-oldrel-macos-arm64 | 2.2.0 | 19.00 | OK | |||
r-oldrel-macos-x86_64 | 2.2.0 | 28.00 | OK | |||
r-oldrel-windows-x86_64 | 2.2.0 | 6.00 | 50.00 | 56.00 | OK |
Version: 2.2.0
Check: CRAN incoming feasibility
Result: NOTE
Maintainer: ‘Gábor Csárdi <csardi.gabor@gmail.com>’
No Authors@R field in DESCRIPTION.
Please add one, modifying
Authors@R: c(person(given = "John",
family = "Papa",
role = "aut"),
person(given = "Tim",
family = "Ferrell",
role = "aut"),
person(given = "Hans",
family = "Fjällemark",
role = "aut"),
person(given = "Gábor",
family = "Csárdi",
role = c("aut", "cre"),
email = "csardi.gabor@gmail.com"))
as necessary.
Flavor: r-devel-linux-x86_64-debian-gcc