CRAN Package Check Results for Package sigora

Last updated on 2025-04-28 18:50:22 CEST.

Flavor Version Tinstall Tcheck Ttotal Status Flags
r-devel-linux-x86_64-debian-clang 3.1.1 2.60 45.65 48.25 NOTE
r-devel-linux-x86_64-debian-gcc 3.1.1 1.84 32.51 34.35 NOTE
r-devel-linux-x86_64-fedora-clang 3.1.1 74.57 NOTE
r-devel-linux-x86_64-fedora-gcc 3.1.1 114.62 NOTE
r-devel-windows-x86_64 3.1.1 3.00 75.00 78.00 NOTE
r-patched-linux-x86_64 3.1.1 2.84 43.85 46.69 NOTE
r-release-linux-x86_64 3.1.1 2.44 44.36 46.80 NOTE
r-release-macos-arm64 3.1.1 39.00 NOTE
r-release-macos-x86_64 3.1.1 77.00 NOTE
r-release-windows-x86_64 3.1.1 4.00 75.00 79.00 NOTE
r-oldrel-macos-arm64 3.1.1 37.00 NOTE
r-oldrel-macos-x86_64 3.1.1 68.00 NOTE
r-oldrel-windows-x86_64 3.1.1 4.00 78.00 82.00 NOTE

Check Details

Version: 3.1.1
Check: package subdirectories
Result: NOTE Problems with news in ‘NEWS.md’: No news entries found. Flavors: r-devel-linux-x86_64-debian-clang, r-devel-linux-x86_64-debian-gcc, r-devel-linux-x86_64-fedora-clang, r-devel-linux-x86_64-fedora-gcc, r-devel-windows-x86_64, r-patched-linux-x86_64, r-release-linux-x86_64, r-release-macos-arm64, r-release-macos-x86_64, r-release-windows-x86_64, r-oldrel-macos-arm64, r-oldrel-macos-x86_64, r-oldrel-windows-x86_64

Version: 3.1.1
Check: CRAN incoming feasibility
Result: NOTE Maintainer: ‘Witold Wolski <wew@fgcz.ethz.ch>’ Package CITATION file contains call(s) to old-style personList() or as.personList(). Please use c() on person objects instead. Package CITATION file contains call(s) to old-style citEntry(). Please use bibentry() instead. Flavor: r-devel-linux-x86_64-debian-gcc