Last updated on 2025-04-28 18:50:22 CEST.
Flavor | Version | Tinstall | Tcheck | Ttotal | Status | Flags |
---|---|---|---|---|---|---|
r-devel-linux-x86_64-debian-clang | 0.2.1 | 6.86 | 54.44 | 61.30 | OK | |
r-devel-linux-x86_64-debian-gcc | 0.2.1 | 4.78 | 40.79 | 45.57 | NOTE | |
r-devel-linux-x86_64-fedora-clang | 0.2.1 | 93.61 | OK | |||
r-devel-linux-x86_64-fedora-gcc | 0.2.1 | 89.10 | OK | |||
r-devel-windows-x86_64 | 0.2.1 | 8.00 | 68.00 | 76.00 | OK | |
r-patched-linux-x86_64 | 0.2.1 | 6.75 | 52.95 | 59.70 | OK | |
r-release-linux-x86_64 | 0.2.1 | 6.30 | 52.53 | 58.83 | OK | |
r-release-macos-arm64 | 0.2.1 | 34.00 | OK | |||
r-release-macos-x86_64 | 0.2.1 | 57.00 | OK | |||
r-release-windows-x86_64 | 0.2.1 | 7.00 | 68.00 | 75.00 | OK | |
r-oldrel-macos-arm64 | 0.2.1 | 30.00 | OK | |||
r-oldrel-macos-x86_64 | 0.2.1 | 44.00 | OK | |||
r-oldrel-windows-x86_64 | 0.2.1 | 10.00 | 76.00 | 86.00 | OK |
Version: 0.2.1
Check: CRAN incoming feasibility
Result: NOTE
Maintainer: ‘Hyung Park <parkh15@nyu.edu>’
No Authors@R field in DESCRIPTION.
Please add one, modifying
Authors@R: c(person(given = "Hyung",
family = "Park",
role = c("aut", "cre"),
email = "parkh15@nyu.edu"),
person(given = "Eva",
family = "Petkova",
role = "aut"),
person(given = "Thaddeus",
family = "Tarpey",
role = "aut"),
person(given = c("R.", "Todd"),
family = "Ogden",
role = "aut"))
as necessary.
The Description field contains
dose rules" <arXiv:2006.00267v2> for detail of the method. The model
Please refer to arXiv e-prints via their arXiv DOI <doi:10.48550/arXiv.YYMM.NNNNN>.
Flavor: r-devel-linux-x86_64-debian-gcc