Last updated on 2025-07-04 07:49:41 CEST.
Flavor | Version | Tinstall | Tcheck | Ttotal | Status | Flags |
---|---|---|---|---|---|---|
r-devel-linux-x86_64-debian-clang | 2.3-3 | 28.75 | 235.89 | 264.64 | NOTE | |
r-devel-linux-x86_64-debian-gcc | 2.3-3 | 20.00 | 151.46 | 171.46 | NOTE | |
r-devel-linux-x86_64-fedora-clang | 2.3-3 | 431.74 | OK | |||
r-devel-linux-x86_64-fedora-gcc | 2.3-3 | 396.53 | OK | |||
r-devel-windows-x86_64 | 2.3-3 | 27.00 | 185.00 | 212.00 | OK | |
r-patched-linux-x86_64 | 2.3-3 | 26.61 | 221.86 | 248.47 | OK | |
r-release-linux-x86_64 | 2.3-3 | 30.08 | 223.94 | 254.02 | OK | |
r-release-macos-arm64 | 2.3-3 | 90.00 | OK | |||
r-release-macos-x86_64 | 2.3-3 | 211.00 | OK | |||
r-release-windows-x86_64 | 2.3-3 | 29.00 | 190.00 | 219.00 | OK | |
r-oldrel-macos-arm64 | 2.3-3 | 85.00 | OK | |||
r-oldrel-macos-x86_64 | 2.3-3 | 134.00 | OK | |||
r-oldrel-windows-x86_64 | 2.3-3 | 38.00 | 264.00 | 302.00 | OK |
Version: 2.3-3
Check: CRAN incoming feasibility
Result: NOTE
Maintainer: ‘Jedrzej S. Bojanowski <jedrzej.bojanowski@gmail.com>’
No Authors@R field in DESCRIPTION.
Please add one, modifying
Authors@R: person(given = c("Jedrzej", "S."),
family = "Bojanowski",
role = c("aut", "cre"),
email = "jedrzej.bojanowski@gmail.com")
as necessary.
Flavors: r-devel-linux-x86_64-debian-clang, r-devel-linux-x86_64-debian-gcc