Last updated on 2025-07-05 07:49:38 CEST.
Flavor | Version | Tinstall | Tcheck | Ttotal | Status | Flags |
---|---|---|---|---|---|---|
r-devel-linux-x86_64-debian-clang | 2.0.0 | 8.93 | 140.51 | 149.44 | OK | |
r-devel-linux-x86_64-debian-gcc | 2.0.0 | 5.68 | 93.97 | 99.65 | OK | |
r-devel-linux-x86_64-fedora-clang | 2.0.0 | 237.37 | OK | |||
r-devel-linux-x86_64-fedora-gcc | 2.0.0 | 231.87 | OK | |||
r-devel-windows-x86_64 | 2.0.0 | 10.00 | 125.00 | 135.00 | OK | |
r-patched-linux-x86_64 | 2.0.0 | 8.46 | 132.38 | 140.84 | OK | |
r-release-linux-x86_64 | 2.0.0 | 6.95 | 133.18 | 140.13 | OK | |
r-release-macos-arm64 | 2.0.0 | 70.00 | OK | |||
r-release-macos-x86_64 | 2.0.0 | 136.00 | OK | |||
r-release-windows-x86_64 | 2.0.0 | 13.00 | 132.00 | 145.00 | OK | |
r-oldrel-macos-arm64 | 2.0.0 | 60.00 | NOTE | |||
r-oldrel-macos-x86_64 | 2.0.0 | 96.00 | NOTE | |||
r-oldrel-windows-x86_64 | 2.0.0 | 14.00 | 169.00 | 183.00 | NOTE |
Version: 2.0.0
Check: package dependencies
Result: NOTE
Package suggested but not available for checking: ‘gurobi’
Flavors: r-oldrel-macos-arm64, r-oldrel-macos-x86_64, r-oldrel-windows-x86_64