Last updated on 2025-07-03 19:50:41 CEST.
Flavor | Version | Tinstall | Tcheck | Ttotal | Status | Flags |
---|---|---|---|---|---|---|
r-devel-linux-x86_64-debian-clang | 2.11-1 | 43.51 | 140.27 | 183.78 | OK | |
r-devel-linux-x86_64-debian-gcc | 2.11-1 | 28.21 | 94.54 | 122.75 | OK | |
r-devel-linux-x86_64-fedora-clang | 2.11-1 | 288.33 | OK | |||
r-devel-linux-x86_64-fedora-gcc | 2.11-1 | 287.28 | OK | |||
r-devel-windows-x86_64 | 2.11-1 | 50.00 | 189.00 | 239.00 | OK | |
r-patched-linux-x86_64 | 2.11-1 | 38.22 | 133.13 | 171.35 | OK | |
r-release-linux-x86_64 | 2.11-1 | 36.01 | 132.45 | 168.46 | OK | |
r-release-macos-arm64 | 2.11-1 | 88.00 | OK | |||
r-release-macos-x86_64 | 2.11-1 | 160.00 | OK | |||
r-release-windows-x86_64 | 2.11-1 | 53.00 | 182.00 | 235.00 | OK | |
r-oldrel-macos-arm64 | 2.11-1 | 101.00 | OK | |||
r-oldrel-macos-x86_64 | 2.11-1 | 217.00 | NOTE | |||
r-oldrel-windows-x86_64 | 2.11-1 | 63.00 | 231.00 | 294.00 | OK |
Version: 2.11-1
Check: installed package size
Result: NOTE
installed size is 5.6Mb
sub-directories of 1Mb or more:
R 2.0Mb
doc 1.3Mb
libs 1.5Mb
Flavor: r-oldrel-macos-x86_64