Last updated on 2025-04-28 18:50:22 CEST.
Flavor | Version | Tinstall | Tcheck | Ttotal | Status | Flags |
---|---|---|---|---|---|---|
r-devel-linux-x86_64-debian-clang | 0.1.0 | 2.22 | 82.17 | 84.39 | OK | |
r-devel-linux-x86_64-debian-gcc | 0.1.0 | 1.67 | 73.86 | 75.53 | NOTE | |
r-devel-linux-x86_64-fedora-clang | 0.1.0 | 147.44 | OK | |||
r-devel-linux-x86_64-fedora-gcc | 0.1.0 | 204.16 | OK | |||
r-devel-windows-x86_64 | 0.1.0 | 3.00 | 108.00 | 111.00 | OK | |
r-patched-linux-x86_64 | 0.1.0 | 2.26 | 104.38 | 106.64 | OK | |
r-release-linux-x86_64 | 0.1.0 | 2.33 | 102.49 | 104.82 | OK | |
r-release-macos-arm64 | 0.1.0 | 58.00 | OK | |||
r-release-macos-x86_64 | 0.1.0 | 140.00 | OK | |||
r-release-windows-x86_64 | 0.1.0 | 3.00 | 107.00 | 110.00 | OK | |
r-oldrel-macos-arm64 | 0.1.0 | 58.00 | NOTE | |||
r-oldrel-macos-x86_64 | 0.1.0 | 94.00 | NOTE | |||
r-oldrel-windows-x86_64 | 0.1.0 | 3.00 | 142.00 | 145.00 | NOTE |
Version: 0.1.0
Check: CRAN incoming feasibility
Result: NOTE
Maintainer: ‘Daniel P. Palomar <daniel.p.palomar@gmail.com>’
Package CITATION file contains call(s) to old-style personList() or
as.personList(). Please use c() on person objects instead.
Package CITATION file contains call(s) to old-style citEntry(). Please
use bibentry() instead.
Flavor: r-devel-linux-x86_64-debian-gcc
Version: 0.1.0
Check: LazyData
Result: NOTE
'LazyData' is specified without a 'data' directory
Flavors: r-oldrel-macos-arm64, r-oldrel-macos-x86_64, r-oldrel-windows-x86_64